11).
8
Let k(a) = -4*a + 98. What is k(24)?
2
Let n(u) = 3*u - 13. What is n(6)?
5
Let d(m) = 21*m**2 + 2*m + 1. Calculate d(-1).
20
Let t(i) = -42*i + 17. Give t(4).
-151
Let o(v) = v + 56. What is o(-25)?
31
Let s(u) = 2*u - 16. What is s(9)?
2
Let s(t) = 3*t - 15. Calculate s(13).
24
Let r(l) = 2*l - 9. What is r(6)?
3
Let y(q) = -q**2 + 12*q - 25. Determine y(5).
10
Let x(b) = b**3 - 13*b**2 + 23*b + 69. Give x(9).
-48
Let p(m) = -m**2 + 7*m - 2. Give p(5).
8
Let k(r) = -r**3 + 7*r**2 - 8*r + 4. Calculate k(5).
14
Let v(c) = c + 10. What is v(7)?
17
Let m(r) = r**2 + r - 9. Give m(4).
11
Let h(o) = 113*o**3 + o**2 + o. Give h(-1).
-113
Let t(o) = -o**2 + 6*o - 8. Determine t(7).
-15
Let m(h) = -h - 9. Determine m(-14).
5
Let k(s) = -s**2 - 10*s + 58. Calculate k(-15).
-17
Let k(n) = -n**3 + 5*n**2 + 3*n + 14. Give k(6).
-4
Let h(r) = -r**2 - 4*r - 5. Determine h(-4).
-5
Let t(o) = -o. Calculate t(-5).
5
Let a(j) = -j**3 - 6*j**2 + 5*j + 13. Give a(-6).
-17
Let n(f) = -f**3 - 5*f**2 - 2*f - 7. Give n(-4).
-15
Let a(z) = -z**3 - z - 8. What is a(0)?
-8
Let b(f) = -4*f**3 + 5*f**2 - 4*f + 2. Give b(3).
-73
Let i(n) = -n**2 - 17*n - 6. Calculate i(-9).
66
Let k(y) = -y**2 + 19*y - 89. Give k(9).
1
Let p(o) = -12*o - 7. What is p(-5)?
53
Let g(p) = p**3 + 12*p**2 + 6. Determine g(-12).
6
Let v(u) = -u**3 - 6*u**2 - u - 6. What is v(-7)?
50
Let j(q) = 6*q + 7. Give j(4).
31
Let t(r) = -16*r. What is t(1)?
-16
Let t(z) = -z**2 - 4*z + 15. What is t(-12)?
-81
Let r(c) = 21*c + 156. Calculate r(-8).
-12
Let t(c) = 133*c - 407. Determine t(3).
-8
Let y(r) = 7*r - 6. What is y(-5)?
-41
Let m(z) = 5*z - 7. Determine m(7).
28
Let c(r) = r**3 + 13*r**2 + r + 13. What is c(-13)?
0
Let l(f) = 16*f - 2. What is l(-2)?
-34
Let f(y) = -y**3 + 12*y**2 + 12*y + 8. Give f(13).
-5
Let u(n) = 2*n**3 + 18*n**2 + 14*n - 3. Give u(-8).
13
Let n(d) = d**3 + 27*d**2 - 29*d - 58. Determine n(-28).
-30
Let n(z) = -52*z + 3. Determine n(2).
-101
Let t(u) = -2*u**3 - 13*u**2 - 20*u - 83. What is t(-6)?
1
Let a(b) = -b**3 + 5*b - 11. Calculate a(0).
-11
Let z(h) = 9*h**3 - 2*h**2 + 2*h - 1. Determine z(2).
67
Let u(q) = -2*q**2 - 38*q + 79. What is u(-21)?
-5
Let m(y) = y - 9. Give m(1).
-8
Let n(z) = 3*z**3 + 4*z**2 + 19*z + 29. Calculate n(-2).
-17
Let x(m) = -m**2 - 12*m + 115. Calculate x(-18).
7
Let m(z) = z**3 - 8*z**2 + 9*z + 10. Determine m(7).
24
Let g(s) = -6*s + 71. What is g(16)?
-25
Let g(i) = 6*i**2 - 6*i + 1. Determine g(3).
37
Let m(c) = 20*c**2 - 159*c - 8. Determine m(8).
0
Let m(f) = f**2 - 8*f - 3. Give m(6).
-15
Let h(d) = 3*d**2 - 98*d - 29. Give h(33).
4
Let x(k) = k**2 + 14*k + 18. Determine x(-11).
-15
Let o(k) = -k**3 + 4*k**2 - 5*k + 2. What is o(3)?
-4
Let j(a) = -2*a**2 - 9*a - 1. Calculate j(-6).
-19
Let o(b) = b**3 - 12*b**2 - 22*b - 87. Determine o(14).
-3
Let v(d) = -15*d - 26. Calculate v(-4).
34
Let y(p) = -p**3 + 46*p**2 + 44*p + 147. Calculate y(47).
6
Let m(o) = o**2 - 5*o + 27. Calculate m(5).
27
Let t(m) = -m**3 + 3*m**2 + 35*m - 10. Determine t(-5).
15
Let m(f) = 2*f + 4. Give m(-8).
-12
Let l(o) = -o**3 + 10*o**2 + 23*o + 17. Determine l(12).
5
Let w(t) = 5*t - 2. Calculate w(-2).
-12
Let b(k) = -5*k + 2. Give b(-1).
7
Let o(w) = -w**2 - 5*w - 1. Calculate o(-3).
5
Let s(z) = 2*z**3 + 150*z**2 + 144*z - 296. Determine s(-74).
0
Let z(i) = 39*i + 96. Calculate z(-2).
18
Let b(d) = 20*d + 2. What is b(-2)?
-38
Let a(d) = 24*d + 98. Give a(-4).
2
Let y(b) = 4*b. What is y(-3)?
-12
Let u(p) = -p - 11. Give u(7).
-18
Let z(j) = -j**2 + 10*j - 29. Calculate z(8).
-13
Let v(d) = 5*d. Give v(2).
10
Let u(l) = l**3 - 3*l**2 - 11*l. Give u(5).
-5
Let p(o) = -o**2 + 11*o - 16. Give p(8).
8
Let z(f) = f**3 + 10*f**2 + 14*f + 17. Calculate z(-8).
33
Let p(w) = w**2 + 2*w + 8. Determine p(-6).
32
Let s(c) = -2*c**3 + 19*c**2 - 15*c + 19. Calculate s(9).
-35
Let a(s) = -s**2 - 10*s - 3. What is a(-15)?
-78
Let x(p) = -p**2 - 12*p - 22. Determine x(-9).
5
Let p(x) = -x**3 - 7*x**2 - 4*x + 11. Determine p(-6).
-1
Let p(h) = -4*h - 10. Give p(-4).
6
Let x(o) = -2*o**2 - 1. Determine x(-1).
-3
Let r(c) = c**2 + 15*c - 6. Calculate r(-12).
-42
Let l(y) = -2*y**2 + 50*y - 26. Determine l(22).
106
Let i(s) = s**2 + 6*s + 3. Determine i(-4).
-5
Let k(p) = -16*p + 9. Give k(2).
-23
Let s(a) = -34*a + 58. Calculate s(8).
-214
Let s(r) = -r**3 - r**2 + 25*r - 23. Determine s(1).
0
Let v(c) = -3*c + 22. Determine v(-7).
43
Let m(z) = -6*z**2 + z + 3. Determine m(2).
-19
Let r(j) = 69*j + 118. Determine r(-2).
-20
Let h(r) = -r**3 + 3*r**2 + 5*r + 1. Determine h(4).
5
Let j(i) = i + 16. Give j(-2).
14
Let a(h) = -9*h - 25. Determine a(-3).
2
Let w(o) = -3*o + 18. Determine w(7).
-3
Let p(o) = 4*o - 1. What is p(3)?
11
Let a(m) = m - 7. Determine a(2).
-5
Let q(y) = y**2 - 31*y + 155. Determine q(6).
5
Let w(s) = s**2 + 21. Calculate w(0).
21
Let j(t) = 4*t - 11. What is j(5)?
9
Let i(p) = -4*p - 182. What is i(-37)?
-34
Let z(h) = 2*h - 3. Calculate z(0).
-3
Let d(i) = 6*i + 56. Calculate d(-16).
-40
Let w(y) = 4*y - 23. Give w(5).
-3
Let t(c) = c**2 + 10*c + 20. Give t(-9).
11
Let g(n) = 2*n**2 + 14*n + 15. Give g(-5).
-5
Let z(h) = h**3 + 7*h**2 + 3*h - 19. Give z(-6).
-1
Let z(i) = 19*i**2 + 2*i - 1. Give z(1).
20
Let s(d) = -d**2 - 18*d - 4. Give s(-18).
-4
Let t(j) = j**3 + 15*j**2 - 15*j + 10. Give t(-16).
-6
Let c(h) = h**3 - 9*h**2 + 14*h + 9. Give c(7).
9
Let u(f) = -f**2 + f - 1. What is u(4)?
-13
Let c(s) = -7*s**3 - s**2 - 7*s + 8. What is c(1)?
-7
Let p(y) = 2*y**3 - 3*y**2 + y - 1. What is p(2)?
5
Let p(d) = -129*d**3 - d. What is p(1)?
-130
Let j(i) = -i**2 - 7*i + 1. Determine j(-6).
7
Let w(z) = -6*z**3 + 2*z**2 - z - 1. Determine w(-1).
8
Let c(v) = v**2 + 7*v - 14. Give c(-9).
4
Let o(b) = -14*b + 88. Calculate o(6).
4
Let d(c) = 3*c**2 - 3*c + 4. What is d(-3)?
40
Let h(x) = x**3 - 8*x**2 - 11*x + 16. What is h(9)?
-2
Let g(j) = 2*j**3 - 7*j**2 + 2*j - 3. What is g(3)?
-6
Let n(b) = -b**3 - 4*b**2 + 12*b + 16. Calculate n(-6).
16
Let m(t) = -14*t**2 + 3*t - 1. Determine m(1).
-12
Let s(w) = -w - 2. Determine s(7).
-9
Let b(m) = -26*m + 1. Determine b(2).
-51
Let g(p) = p**3 + 6*p**2 - 9*p - 3. Calculate g(-7).
11
Let b(g) = 2*g**3 + 8*g**2 - 13*g - 14. Calculate b(-5).
1
Let d(n) = n**3 - n**2 - 14*n - 19. Give d(-2).
-3
Let g(a) = 5*a - 2. Calculate g(3).
13
Let o(k) = -k**2 + 16*k + 122. What is o(22)?
-10
Let h(s) = -s**3 + 5*s**2 - 5*s + 27. Determine h(6).
-39
Let v(d) = 3*d**2 + 19*d - 13. Determine v(-7).
1
Let h(l) = 6*l. Determine h(1).
6
Let c(b) = b**3 - b**2 + 4*b + 2. Give c(4).
66
Let t(i) = -3*i + 47. What is t(11)?
14
Let l(j) = -j**3 - 8*j**2 - 7*j + 16. Determine l(-7).
16
Let r(g) = -g**3 - 3*g**2 + 17*g + 9. Calculate r(-5).
-26
Let q(l) = l**3 - l + 40. What is q(0)?
40
Let i(o) = -o**2 + 8*o - 2. Give i(6).
10
Let j(t) = t**2 - 7*t + 13. Calculate j(2).
3
Let d(y) = 55*y**2 - 2*y + 2. Calculate d(1).
55
Let s(m) = -m**2 + 19. Calculate s(0).
19
Let t(n) = 12*n + 1. Give t(1).
13
Let k(c) = -c**3 - 10*c**2 - 23*c - 3. What is k(-6)?
-9
Let f(d) = d**2 - 17*d - 12. Determine f(11).
-78
Let l(b) = -6*b - 188. Give l(-31).
-2
Let h(u) = u**2 + 42*u + 109. Determine h(-39).
-8
Let j(b) = -b**3 + 4*b**2 + 78*b + 2. What is j(-7)?
-5
Let t(u) = -4*u**3 - 3*u**2 + 13*u - 9. Determine t(1).
-3
Let t(v) = v**3 + 5*v**2 + v + 8. Calculate t(-5).
3
Let v(u) = u**3 + 10*u**2 + 12*u. What is v(-10)?
-120
Let a(k) = -k**2 + 6*k - 3. Give a(5).
2
Let z(c) = 2*c - 12. Calculate z(4).
-4
Let b(a) = 7*a**2 + 2*a - 7. Determine b(-4).
97
Let c(q) = 3*q**2 + 2*q + 1. Give c(-2).
9
Let m(x) = -x**2 - 5*x. Determine m(-7).
-14
Let v(o) = -3*o**2 + 16*o - 8. Give v(6).
-20
Let z(c) = 2*c**3 - c**2 + 103. Calculate z(0).
103
Let j(x) = -x**3 - x + 9. Give j(3).
-21
Let q(z) = -43*z + 2. Give q(-1).
45
Let m(b) = 5*b - 30. Calculate m(8).
10
Let s(g) = 7*g + 3. Calculate s(-2).
-11
Let a(x) = x**2 - 17*x + 38. What is a(2)?
8
Let h(m) = m**2 + 3*m - 39. Give h(-8).
1
Let z(k) = 5*k + 3. Calculate z(8).
43
Let y(f) = -6*f + 126. Determine y(15).
36
Let i(t) = t**2 + 5*t - 10. Give i(-6).
-4
Let l(f) = f**2 - 25*f + 37. Calculate l(15).
-113
Let o(n) = -4*n + 6. Calculate o(10).
-34
Let b(p) = p + 12. What is b(6)?
18
Let n(v) = -v**2 + 5*v